(7).
53
Let o(m) = 14*m**2 + 1470*m - 18. Calculate o(-105).
-18
Let x(w) = 3*w**3 + 15*w**2 - 15*w + 12. Calculate x(-6).
-6
Let n(r) = 8*r**2 + 44*r + 285. Calculate n(-8).
445
Let w(z) = z**3 - 264*z**2 - 1622*z - 3. Calculate w(-6).
9
Let p(m) = -293*m**2 - 3*m - 3. Give p(-1).
-293
Let q(c) = 18*c**2 - 20*c - 2. What is q(2)?
30
Let a(z) = 17216*z + 34437. Determine a(-2).
5
Let u(z) = -12634*z + 37908. Determine u(3).
6
Let s(h) = -199*h**3 + h**2 - h + 2. Determine s(1).
-197
Let f(y) = 5*y**3 + 2*y**2 + 6. Give f(-2).
-26
Let l(f) = -108*f + 4530. What is l(42)?
-6
Let g(i) = -i**3 + 5*i**2 - 9*i + 23. What is g(7)?
-138
Let s(v) = -3*v**2 + 33*v + 49. Give s(-4).
-131
Let w(x) = x**2 + 231*x + 1782. Determine w(-8).
-2
Let m(g) = g**2 + 395*g - 794. Give m(2).
0
Let w(c) = -c**2 - 74*c - 1184. What is w(-50)?
16
Let f(w) = -2*w**3 + 51*w + 10. Give f(-5).
5
Let v(r) = -r**2 - 7*r + 21. Calculate v(6).
-57
Let f(q) = -q**3 + 16*q**2 - 14*q + 8. What is f(15)?
23
Let p(t) = -12*t + 448. Calculate p(37).
4
Let p(y) = 42*y + 175. Determine p(-4).
7
Let j(p) = 8*p**3 - p**2 + 10*p - 25. Determine j(2).
55
Let m(l) = l**3 - 73*l**2 + 63*l + 158. What is m(72)?
-490
Let f(t) = -2*t**2 + 49*t + 38. What is f(25)?
13
Let u(o) = o**3 - 24*o**2 + 33*o - 234. Give u(23).
-4
Let k(y) = y**3 - 3*y**2 - 25*y + 13. Calculate k(7).
34
Let r(d) = -d**3 - 4*d**2 + 22*d - 32. Give r(-9).
175
Let i(j) = 825*j - 6561. Calculate i(8).
39
Let w(b) = -b**2 - 10*b - 36. Determine w(-16).
-132
Let f(k) = k**3 + 5*k**2 - 2*k - 5. What is f(-4)?
19
Let k(s) = -80*s - 64. Calculate k(-6).
416
Let a(o) = 4*o**2 + 133*o + 590. What is a(-27)?
-85
Let a(f) = 2*f**2 - 531*f - 1061. Calculate a(-2).
9
Let f(p) = p**2 - 3*p - 448. Give f(40).
1032
Let s(f) = 7*f**2 - 289*f + 61. What is s(41)?
-21
Let p(q) = 62*q**2 - 371*q - 9. What is p(6)?
-3
Let h(w) = 18*w + 576. Give h(-32).
0
Let h(n) = 17*n**2 - 38*n + 37. What is h(2)?
29
Let k(z) = -z**2 + 246*z + 746. Give k(-3).
-1
Let v(a) = -a**3 - 31*a**2 - 60*a - 15. Determine v(-29).
43
Let u(i) = 6*i**2 + 428*i - 293. Determine u(-72).
-5
Let o(v) = 7367*v - 51553. Calculate o(7).
16
Let q(i) = 35*i - 394. Determine q(11).
-9
Let j(d) = -d**3 + 68*d**2 - 369*d - 182. Give j(62).
4
Let g(r) = -2*r**3 - 42*r**2 + 2*r - 49. Give g(-21).
-91
Let u(i) = i + 4. What is u(-53)?
-49
Let j(x) = 4212*x - 80033. Give j(19).
-5
Let j(n) = -53*n**3 - 101*n**2 + 5. What is j(-2)?
25
Let b(x) = x + 58. Give b(-14).
44
Let z(f) = -159*f. Calculate z(-1).
159
Let n(d) = -9*d**2 + 640*d + 641. Give n(-1).
-8
Let y(d) = 3*d**2 + 6*d - 40. What is y(4)?
32
Let g(p) = 7*p**2 + 373*p - 371. What is g(1)?
9
Let b(k) = -k**3 + 11*k - 5. Calculate b(-8).
419
Let b(s) = 243*s**2 + 7*s + 7. What is b(-1)?
243
Let w(s) = -s**3 - 5*s**2 + 6*s - 13. Determine w(-8).
131
Let c(x) = -735*x - 4325. What is c(-6)?
85
Let d(r) = 2*r**3 - 7*r**2 - 4*r + 5. What is d(3)?
-16
Let f(c) = -c**2 - 432*c - 14609. Determine f(-37).
6
Let v(i) = i**3 - 15*i**2 + 36*i + 19. Calculate v(13).
149
Let y(n) = 103*n + 7938. What is y(-77)?
7
Let t(p) = 2*p**2 + 42*p + 8. Give t(-6).
-172
Let q(p) = -p**3 - 10*p**2 + 303*p - 18. Determine q(13).
34
Let a(j) = 1885*j - 39591. Calculate a(21).
-6
Let w(g) = 2*g**3 - 14*g**2 + 18*g - 119. Give w(7).
7
Let m(s) = 30*s - 1041. Give m(39).
129
Let x(q) = -17*q**2 + 39*q + 40. Give x(-1).
-16
Let l(x) = -x**2 + 325*x + 4053. Calculate l(-12).
9
Let k(a) = -2*a**2 - 7*a + 39. Determine k(4).
-21
Let c(k) = -2*k**2 - 164*k + 875. Give c(5).
5
Let x(p) = -16*p + 924. What is x(59)?
-20
Let k(g) = -g**3 - g**2 + 18*g + 42. Calculate k(-4).
18
Let u(l) = l**3 - 17*l**2 + 5*l - 365. Determine u(18).
49
Let t(h) = h**2 - 16*h - 63. Give t(19).
-6
Let k(n) = -383*n - 43682. Determine k(-114).
-20
Let l(t) = t**3 + 11*t**2 + 17*t - 1. What is l(-11)?
-188
Let d(g) = -g**3 - 13*g**2 - 81*g - 37. Give d(-9).
368
Let y(x) = 20*x + 182. What is y(-21)?
-238
Let f(w) = 7*w**2 - 14*w - 11. What is f(7)?
234
Let r(h) = -155*h - 3250. Calculate r(-21).
5
Let y(p) = 7*p**2 + 98*p + 16. What is y(-15)?
121
Let q(d) = -d**2 - 20*d + 3737. Give q(-72).
-7
Let t(n) = -4*n**3 - 2*n**2 + 2*n + 4. Determine t(-1).
4
Let v(r) = 5*r**2 - 29*r - 123. Give v(9).
21
Let a(w) = 3*w**2 + 626*w + 1841. Determine a(-3).
-10
Let b(y) = y**3 - 84*y**2 + 91*y - 531. Give b(83).
133
Let g(f) = 1795*f + 91550. Give g(-51).
5
Let b(u) = -24*u + 1. Give b(-6).
145
Let y(m) = -393*m + 2272. Determine y(6).
-86
Let o(c) = -3*c**3 - 88*c**2 + 149*c - 174. Calculate o(-31).
12
Let g(n) = -2*n**3 - 158*n**2 - 306*n + 90. Give g(-77).
-64
Let y(x) = -14*x + 28. What is y(4)?
-28
Let c(b) = -b**3 - 83*b**2 + 1587*b + 49. What is c(-99)?
-248
Let x(z) = 2*z**3 + 67*z**2 - 34*z - 47. Calculate x(-34).
-47
Let h(f) = -f**3 + 17*f**2 - 21*f + 70. What is h(15)?
205
Let g(f) = -2*f**2 + 136*f - 1554. Determine g(54).
-42
Let v(i) = i**3 - i**2 + 2*i - 5. Calculate v(2).
3
Let j(t) = -29*t - 706. What is j(-26)?
48
Let v(i) = 13*i**2 + 171*i + 36. Calculate v(-13).
10
Let d(s) = -s**3 + 7*s**2 - 27*s + 76. What is d(5)?
-9
Let p(q) = 12*q**2 + 153*q - 31. Give p(-13).
8
Let k(v) = -13*v**2 - 64*v + 291. Determine k(5).
-354
Let w(y) = -16*y + 201. Give w(21).
-135
Let w(u) = -2*u**3 - 17*u**2 - 39*u + 14. Calculate w(-6).
68
Let d(l) = -24*l + 3393. Give d(141).
9
Let b(d) = 927*d - 13899. What is b(15)?
6
Let o(x) = 33*x**2 + 2*x - 2. What is o(3)?
301
Let x(v) = -42*v**2 - 13*v - 8. What is x(-1)?
-37
Let r(m) = 27*m - 76. Give r(3).
5
Let o(s) = s**3 - 11*s**2 - 273*s + 1721. What is o(6)?
-97
Let l(u) = 4*u**2 - 877*u - 1748. Give l(-2).
22
Let s(z) = z**2 + 2*z - 313. Calculate s(-15).
-118
Let o(d) = 2*d**3 + 27*d**2 + 90*d + 5. Give o(-7).
12
Let o(q) = -2*q**2 - 64*q - 12. Calculate o(-24).
372
Let g(d) = -2*d**3 - 8*d**2 + d + 6. What is g(0)?
6
Let n(k) = -k**2 - 9*k - 5. What is n(-2)?
9
Let i(b) = -b**3 - 23*b**2 + 62*b + 1467. Determine i(-23).
41
Let k(w) = -2*w**2 - 73*w + 4083. What is k(-67)?
-4
Let u(o) = -12*o**2 + 8*o + 8. Give u(-2).
-56
Let k(s) = 7*s + 47. Give k(-5).
12
Let s(k) = -k**3 + 181*k**2 + 210*k - 5114. Give s(182).
-18
Let v(f) = 9*f + 70. Calculate v(5).
115
Let h(a) = -18*a + 1090. Give h(62).
-26
Let u(k) = -181*k + 1837. Determine u(10).
27
Let j(w) = -w**3 - 7*w**2 + 10*w - 15. Calculate j(-8).
-31
Let q(h) = 81*h - 6881. What is q(85)?
4
Let p(s) = -s**2 - 13*s - 25. Calculate p(-8).
15
Let v(b) = -122*b + 1232. Give v(10).
12
Let f(g) = 17*g - 59. Calculate f(12).
145
Let s(x) = -41*x**3 + 452*x**2 - 27*x + 159. What is s(11)?
-17
Let w(y) = 2*y**3 - 16*y**2 - 297*y - 67. What is w(17)?
86
Let v(i) = -i**2 + 120*i - 1879. Give v(101).
40
Let l(w) = w**3 + 44*w**2 + 398*w - 51. Give l(-13).
14
Let o(h) = -3*h**2 - 197*h + 104. Calculate o(-66).
38
Let t(n) = -3369*n + 47137. Give t(14).
-29
Let p(v) = -v**2 - 413*v - 820. Calculate p(-2).
2
Let o(y) = -78*y - 1855. What is o(-24)?
17
Let c(h) = h**2 + 95*h - 1899. Determine c(-112).
5
Let i(k) = 239*k - 724. What is i(3)?
-7
Let b(r) = 2*r**2 - 142*r + 576. Give b(4).
40
Let r(l) = 3*l**3 + 62*l**2 - 15*l + 124. Calculate r(-21).
-2
Let u(a) = 22*a**2 - 8*a - 9. Determine u(-3).
213
Let j(q) = 4*q**2 + 19*q + 4. Calculate j(-8).
108
Let u(n) = -78*n - 871. Give u(-15).
299
Let t(a) = a**3 - 159*a**2 - 828*a + 1311. Give t(164).
-1
Let l(y) = 2*y**3 + 115*y**2 - 56*y + 121. Calculate l(-58).
5
Let m(d) = -4*d**3 + 68*d**2 - 279*d + 2. What is m(7)?
9
Let s(h) = 2*h**3 + 9*h**2 - 93*h - 463. What is s(-5)?
-23
Let j(s) = s**3 + 45*s**2 + 44*s - 183. Calculate j(-44).
-183
Let j(i) = i**2 - 11352*i + 192689. Calculate j(17).
-6
Let x(n) = n**2 + 8*n - 5. Calculate x(-9).
4
Let z(p) = 87*p + 1022. What is z(-12)?
-22
Let v(f) = -f**2 - 25*f + 15. Calculate v(-24).
39
Let s(a) = a**3 + 26*a**2 - 18*a + 321. What is s(-27)?
78
Let d(c) = c**3 + 18*c**2 + 81*c + 14. What is d(-14)?
-336
Let m(r) = r**3 - 47*r**2 - 48*r + 129. Calculate m(48).
129
Let a(i) = -537*i - 102567. Calculate a(-191).
0
Let j(h) = 18*h**3 + 3*h**2 - h - 2. What is j(-1)?
-16
Let u(x) = -x**3 + 7*x**2 + 12*x - 35. What is u(9)?
-89
Let o(i) = i**2 - 275*i + 5785. Calculate o(252).
-11
Let h(l) = 76*l + 9. Determine h